= -2*r + 12. What is p(10)?
-8
Let c(q) = 2*q - 3. What is c(-6)?
-15
Let k(m) = -m**3 + 2*m**2 + 5*m + 8. Determine k(4).
-4
Let c(b) = b**3 - 8*b**2 + 94*b - 600. Calculate c(7).
9
Let f(g) = -g**2. Determine f(-2).
-4
Let w(g) = -2*g - 10. Determine w(-4).
-2
Let s(w) = -5*w - 7. Calculate s(-12).
53
Let m(i) = 10*i + 2. Calculate m(-1).
-8
Let i(c) = c**3 + 10*c**2 + 4*c + 19. Give i(-8).
115
Let l(h) = h**2 - 6*h - 3. Determine l(5).
-8
Let p(h) = -3*h**2 - h - 2. Determine p(-2).
-12
Let v(k) = -k**3 - 7*k**2 - k + 5. Calculate v(-3).
-28
Let r(v) = 2*v**2 - v - 3. Determine r(2).
3
Let q(d) = 2*d**2 + d - 12. Give q(-6).
54
Let n(i) = -2*i**3 - 5*i**2 + 7*i - 12. Determine n(-5).
78
Let i(j) = 27*j + 68. Calculate i(-4).
-40
Let n(k) = -k**3 - 9*k**2 + 2*k - 4. Calculate n(-9).
-22
Let p(j) = 6*j + 18. Determine p(-4).
-6
Let a(o) = 3*o - 8. What is a(3)?
1
Let y(x) = -x - 5. Determine y(-5).
0
Let i(a) = -75*a - 363. What is i(-5)?
12
Let i(g) = -g**2 - 11*g + 6. What is i(-17)?
-96
Let f(d) = -2*d**3 - 3*d**2 - d - 1. What is f(-2)?
5
Let f(n) = 10*n - 29. Give f(5).
21
Let m(x) = -3*x + 8. Give m(0).
8
Let z(b) = b**3 - 9*b**2 + 17. Give z(9).
17
Let t(l) = 3*l**2 + 21*l - 4. Calculate t(-5).
-34
Let p(s) = -2*s - 12. Give p(-7).
2
Let i(r) = 4*r**2 - 103*r - 18. What is i(26)?
8
Let o(p) = -3*p**3 - 4*p**2 + 4*p + 4. What is o(-2)?
4
Let y(v) = -50*v + 643. Determine y(13).
-7
Let s(q) = 7*q + 5. Give s(-8).
-51
Let v(o) = -2*o**2 + 11*o - 1. Calculate v(5).
4
Let j(p) = 3*p**3 - p**2 - 4*p + 3. Determine j(3).
63
Let m(y) = 2*y**2 - 2. Determine m(-2).
6
Let x(r) = -18*r + 104. Determine x(7).
-22
Let t(u) = u**3 + 6*u**2 + u + 10. Calculate t(-7).
-46
Let g(z) = z**3 - 25*z**2 - 2*z + 25. Calculate g(25).
-25
Let v(z) = 3*z + 15. What is v(6)?
33
Let y(h) = 8*h - 51. Calculate y(6).
-3
Let y(k) = k**3 - k**2 - 5*k + 2. Determine y(3).
5
Let v(g) = g**3 - g**2 + 2*g - 6. Give v(2).
2
Let p(u) = 10*u - 22. Determine p(3).
8
Let c(i) = i**3 - 8*i**2 + 6*i + 5. Determine c(8).
53
Let f(y) = -3*y + 75. Determine f(23).
6
Let q(k) = -k**3 + k**2 + 4*k + 2. Determine q(4).
-30
Let a(g) = 3*g**2 + 34*g - 26. Calculate a(-11).
-37
Let r(o) = -o**3 + 15*o**2 + 5. Calculate r(15).
5
Let x(b) = b**3 - 7*b**2 + 5*b - 13. Give x(7).
22
Let d(y) = -y**3 + 13*y**2 - 16*y + 17. Give d(12).
-31
Let d(i) = i**3 + 11*i**2 + 8*i - 7. Calculate d(-10).
13
Let s(w) = -w**2 + 3*w + 8. Give s(-5).
-32
Let x(s) = s**2 + 3*s - 12. Calculate x(-3).
-12
Let n(o) = -2*o**2 - 13*o + 5. Calculate n(-9).
-40
Let f(k) = 2*k**2 + 5*k - 7. Calculate f(-6).
35
Let h(v) = -v**3 - 11*v**2 - 4. Calculate h(-11).
-4
Let i(n) = 6*n - 10. Calculate i(9).
44
Let o(z) = -z**3 - z**2 + z - 3. Determine o(0).
-3
Let k(b) = -b**3 + b**2 + b - 20. Give k(0).
-20
Let n(r) = r**2 - 52*r - 53. Determine n(-1).
0
Let j(p) = 18*p**2 - 3*p - 2. Give j(-1).
19
Let s(z) = -58*z + 170. Determine s(3).
-4
Let n(f) = -4*f - 35. Calculate n(-11).
9
Let i(b) = -2*b**3 + 19*b**2 - 7*b - 6. Determine i(9).
12
Let k(v) = -v**3 + 3*v**2 - 3*v - 3. Calculate k(4).
-31
Let t(n) = -15*n**3 - n**2 + 1. Give t(-1).
15
Let p(j) = -20*j - 301. Give p(-15).
-1
Let z(d) = d**2 + 4*d + 5. Determine z(4).
37
Let z(w) = -w - 25. Determine z(23).
-48
Let n(j) = j**3 - 16*j**2 + 19*j - 64. What is n(15)?
-4
Let b(q) = -q - 11. Calculate b(-5).
-6
Let n(l) = 6*l - 128. What is n(22)?
4
Let j(b) = 2*b**2 + 20*b - 10. Determine j(-10).
-10
Let g(p) = 4*p + 6. Give g(-3).
-6
Let w(i) = -2*i**2 - 45*i + 21. Determine w(-23).
-2
Let j(g) = g + 5. Give j(12).
17
Let n(j) = 9*j + 92. Calculate n(-5).
47
Let n(f) = -f**2 - 18*f + 10. What is n(-17)?
27
Let l(m) = -2*m**3 - 2*m**2 + 5*m - 3. Calculate l(2).
-17
Let o(r) = -r**3 - r**2 + 53*r + 11. Determine o(0).
11
Let s(r) = -r**3 + 5*r**2 + 1. Give s(5).
1
Let d(r) = r**2 - 7*r + 13. Give d(6).
7
Let u(j) = 47*j - 29. Give u(1).
18
Let z(b) = b**3 - 70*b**2 + 5*b - 355. Determine z(70).
-5
Let q(y) = y**2 + 15*y + 9. Calculate q(-14).
-5
Let d(z) = -z**3 - 13*z**2 + z + 53. Calculate d(-13).
40
Let o(k) = -k**3 + 5*k**2 + 24*k + 5. Give o(8).
5
Let c(l) = -l**3 - 4*l**2 + 4*l - 3. Calculate c(-5).
2
Let r(u) = -u**2 - 15*u + 25. Calculate r(-17).
-9
Let q(z) = z - 7. What is q(-5)?
-12
Let q(t) = 15*t - 16. What is q(5)?
59
Let z(r) = r**3 + r**2 - 5*r - 83. Calculate z(0).
-83
Let x(n) = 4*n - 87. What is x(16)?
-23
Let q(f) = f**3 - 2*f**2 - 3*f + 2. What is q(2)?
-4
Let d(s) = -s. Determine d(7).
-7
Let p(o) = o**2 + 10*o - 9. Determine p(-11).
2
Let q(r) = r**2 - 28*r - 75. Determine q(31).
18
Let l(c) = -c**2 - 2*c - 12. Determine l(5).
-47
Let b(l) = -l**2 - 5*l + 2. What is b(-9)?
-34
Let z(n) = -n**3 + 3*n**2 + 18*n + 12. Determine z(6).
12
Let w(l) = -18*l**3 + l**2 + 3*l + 2. Give w(-1).
18
Let r(p) = 9*p**2 + 4*p - 15. Give r(-4).
113
Let j(y) = -y**3 - 16*y**2 - 16*y - 7. Calculate j(-15).
8
Let w(d) = -d**2 - 2*d + 15. Determine w(-6).
-9
Let y(q) = q**3 + 6*q**2 - 7*q - 1. Determine y(-7).
-1
Let d(m) = -4*m - 103. What is d(-18)?
-31
Let v(l) = l**2 - 5*l + 26. Determine v(8).
50
Let h(d) = -33*d. Calculate h(-1).
33
Let g(w) = -88*w + 357. Calculate g(4).
5
Let k(y) = y**2 + 9*y + 20. Give k(-10).
30
Let g(b) = -3*b - 2. Calculate g(-5).
13
Let t(g) = -56*g - 1. Calculate t(-1).
55
Let n(d) = d**3 - 4*d**2 - 4. Calculate n(0).
-4
Let c(k) = k**3 + 3*k**2 - 2*k + 2. Calculate c(-3).
8
Let h(j) = -29*j + 599. Give h(21).
-10
Let v(o) = -o - 10. Give v(-6).
-4
Let r(m) = 8*m - 71. Determine r(-6).
-119
Let k(t) = -t**3 - 22*t**2 + 11*t - 276. Determine k(-23).
0
Let s(g) = 51*g - 709. What is s(14)?
5
Let k(z) = 4*z + 13. Calculate k(-7).
-15
Let u(y) = -40*y**2 + 6*y + 2. What is u(-1)?
-44
Let u(a) = -4*a**3 - 2*a**2 + a + 1. Calculate u(1).
-4
Let k(x) = x**2 + 5*x - 2. Give k(-6).
4
Let t(s) = 8*s - 77. Give t(10).
3
Let a(r) = -r**3 - 5*r**2 - r - 45. What is a(-6)?
-3
Let j(f) = -7*f + 3. Give j(1).
-4
Let d(b) = b**3 - 15*b**2 + 6*b + 76. Calculate d(14).
-36
Let s(k) = 29*k - 205. Calculate s(7).
-2
Let b(r) = r**3 + 15*r**2 + 12*r - 28. Calculate b(-14).
0
Let c(m) = -8*m - 80. What is c(-9)?
-8
Let c(s) = -9*s + 52. What is c(5)?
7
Let y(j) = 2*j + 4. Calculate y(4).
12
Let i(n) = 2*n - 16. Give i(0).
-16
Let x(j) = -j. Give x(7).
-7
Let i(y) = 29*y - 519. Calculate i(18).
3
Let m(y) = 18*y**3 + 5*y - 6. Give m(1).
17
Let s(c) = c**3 + 7*c**2 + 3*c + 12. Determine s(-7).
-9
Let s(r) = -r**2 + r + 2. What is s(-2)?
-4
Let n(m) = 11*m**2 - 2*m - 3. What is n(-2)?
45
Let t(u) = u**3 + 4*u**2 - 8*u + 8. What is t(-6)?
-16
Let q(y) = -y + 7. Calculate q(-6).
13
Let c(x) = 4*x + 1. Give c(-7).
-27
Let f(m) = 9*m - 4. What is f(8)?
68
Let z(d) = 2*d - 46. Give z(28).
10
Let j(n) = -6*n**3 + 3*n + 4. Calculate j(-1).
7
Let u(b) = b**3 - 2*b**2 + b + 2. Calculate u(2).
4
Let o(h) = -2*h**2 + 6*h - 5. Determine o(3).
-5
Let b(x) = x**3 + 5*x**2 + 10*x + 6. Calculate b(-4).
-18
Let p(v) = -3*v - 63. Calculate p(-19).
-6
Let v(f) = -f**3 + 9*f**2 - 15*f + 10. What is v(6)?
28
Let s(n) = n**2 + 3*n - 5. Give s(3).
13
Let d(k) = -k**3 - 9*k**2 - 11*k + 22. Determine d(-7).
1
Let q(j) = 29*j**3 - 1. Calculate q(-1).
-30
Let u(o) = o**3 + 31*o**2 + 4*o + 124. Give u(-31).
0
Let d(b) = b + 7. Calculate d(2).
9
Let z(v) = v**3 + 4*v**2 + 4*v + 1. Determine z(-2).
1
Let d(r) = -12*r. Calculate d(-1).
12
Let f(t) = 6*t + 31. Give f(-5).
1
Let y(d) = d**2 + 17*d + 2. Determine y(-13).
-50
Let r(b) = 4*b + 2. Give r(-1).
-2
Let f(d) = d + 15. Give f(-28).
-13
Let u(t) = -5*t + 13. Determine u(6).
-17
Let i(p) = 2*p**3 + 11*p**2 - 8*p - 16. Determine i(-6).
-4
Let x(b) = -b + 18. Determine x(-14).
32
Let y(f) = -f + 5. What is y(11)?
-6
Let x(z) = 5*z**2 + 40*z - 16. Determine x(-8).
-16
Let l(p) = 2*p**2 + 23*p - 44. Determine l(-13).
-5
Let n(v) = 33*v. Determine n(1).
33
Let j(l) = -7*l**3 + l**2 + l - 1. Determine j(1).
-6
Let b(p) = -7*p - 7. Give b(-5).
28
Let g(l) = -2*l + 30. Determine g(13).
4
Let r(p) = -p**2 - 7*p + 23. Determine r(3).
-7
Let s(h) = 14*h - 266. What is s(19)?
0
Let i(s) = -7*s + 55. Give i(7).
6
Let t(l) = 49*l**3 + l**2. What is t(1)?
50
Let r(f) = -2*f - 28. Calculate r(-18).
8
Let d(q) = q**3 + 6*q**2 - 7*q + 13. What is d(-7)?
13